2, -q = 5*l + q - 229. Let g = -32 - -49. Calculate the remainder when l is divided by g.
13
Let n(t) = -t**2 - 15*t - 19. Let c be n(-11). Let w = 12 + c. Calculate the remainder when 73 is divided by w.
36
Suppose 15 - 63 = -3*y. Calculate the remainder when 57 is divided by y.
9
Suppose -2*t - 129 = -3*c, 11*c - 3*t = 15*c - 155. Suppose -4*g = 2*a - 10, 2*a = a + 2*g + 17. Calculate the remainder when c is divided by a.
8
What is the remainder when 88 is divided by (46/(-161))/(1/(-14))?
0
Let i be 1/((142/(-48) + 3)*-2). Let u(w) = w**2 + 6*w + 47. Calculate the remainder when u(i) is divided by 30.
29
Let r(o) = -6*o + o + o - o**3 - o**3 - 3. Let n be r(-2). Calculate the remainder when 74 is divided by (n - (-3 + 4)) + -1.
17
Let o = -14 - -4. Let g = 59 + -34. Calculate the remainder when g is divided by ((-280)/50)/(4/o).
11
Let g(w) = -6*w + 46. Calculate the remainder when 225 is divided by g(0).
41
Suppose -3*n - 52 - 26 = 0. Let h = n + 6. Let l = 37 + h. Calculate the remainder when l is divided by 5.
2
What is the remainder when 269 is divided by (-20)/5*85/(-10)?
31
Let s(j) = j**3 + 8*j**2 + 5*j - 8. Let o be s(-7). Suppose -o*t = t. Calculate the remainder when 8 is divided by ((-45)/9)/(-1 - t).
3
Suppose -97 - 47 = -6*b. Let d(g) = -g**3 + 25*g**2 - 22*g + 13. Calculate the remainder when 120 is divided by d(b).
59
Let t be (0 - -7) + -2 + 0. Suppose -2 - 28 = -t*s. Let y(c) = -c**2 - 8*c - 8. What is the remainder when s is divided by y(-6)?
2
Let m(x) be the second derivative of -x**3/6 - 3*x. Let o be m(-3). Suppose -o*s = -0*s - 147. What is the remainder when s is divided by 26?
23
Suppose 5*u + 3*m = 32, m = -0*m - 1. What is the remainder when 1 + -4 + (-92)/6*-6 is divided by u?
5
Suppose 0 = -62*s + 61*s + 7. Suppose 5*w - 5*r = 11 + 9, -5 = w + 2*r. Calculate the remainder when s is divided by 15*((-4)/(-3) - w).
2
Suppose 5*c + 63 = k, -5*c - 2 = -12. What is the remainder when k is divided by 23?
4
Suppose 15 = 5*o - 55. Suppose 24*z = o*z + 100. What is the remainder when z is divided by 8?
2
Let p = -30 - -127. Suppose 34*s - 186 = 31*s. Suppose 0 = -4*u + 2*n - n + 97, -2*u = 4*n - s. Calculate the remainder when p is divided by u.
22
Let s(m) be the first derivative of -m**3/3 + 15*m**2/2 - 26*m - 53. What is the remainder when s(5) is divided by 6?
0
Let h(x) = -22*x - 15. Let r be h(3). Let j = 143 + r. What is the remainder when j is divided by 11?
7
Let y(n) = 2*n - 6. Let r be y(5). Suppose 6 = r*g - 2. Calculate the remainder when 12 is divided by g.
0
Let s = 16 - -77. Calculate the remainder when s is divided by 58.
35
What is the remainder when 40 is divided by 2/(2*(-5)/(-160))?
8
Let j(l) = -9*l**2 - 9*l + 14. Let m be j(2). Let o = 61 + m. Calculate the remainder when 41 is divided by o.
20
Let y(g) = 15*g + 13*g**2 - 5*g - 12 - 14*g**2 - 6. What is the remainder when 4 is divided by y(7)?
1
Suppose -3*c - 3*m - 156 = 0, -7*c + 5*m - 210 = -2*c. Calculate the remainder when 4/6 - (-12)/(-18) - c is divided by 13.
8
Let x(k) = 4*k**2 - 2*k + 1. Let w = -9 - -14. Suppose -5*h + 5*r - 98 = -568, 2*h - 174 = -w*r. Calculate the remainder when h is divided by x(3).
30
Suppose 0 = -l + 4*l - 45. Let u(m) = 14*m**2 + 17*m + 13. What is the remainder when u(-3) is divided by l?
13
Let w(o) = -10*o + 3 - 2 + 1. Let v(k) = k**2 - 3*k - 13. Calculate the remainder when w(-4) is divided by v(-4).
12
Suppose 2*d + 11 = 35. What is the remainder when 234 is divided by d?
6
Let v(t) = 17*t - 1. Let l(u) = u. Let q(r) = 4*l(r) + v(r). Let a = -40 + 51. Calculate the remainder when q(2) is divided by a.
8
Let f(x) = -x**2 - 9*x - 8. What is the remainder when f(-6) is divided by 6?
4
Suppose 3*h + s = 4*h - 2, -5*s - 6 = -3*h. Suppose -h*u + 18 + 3 = 3*v, -4*v = 3*u - 30. Calculate the remainder when 59 is divided by 4/u - (-129)/9.
14
Suppose -2*m = -58 + 40. Suppose -24 = -f - m. Suppose 3*p = p + 88. Calculate the remainder when p is divided by f.
14
Suppose -4*p + 132 - 12 = 0. Let c = p + -24. Let m = -3 - -24. What is the remainder when m is divided by c?
3
Let q(z) = 119*z + 1. Let d(j) = -141*j - 1097. Calculate the remainder when q(1) is divided by d(-8).
27
Let j(u) = 186*u + 29. What is the remainder when j(2) is divided by 104?
89
Let r(u) = 2*u**2 + 3*u + 9. Calculate the remainder when r(10) is divided by 30.
29
Let v = 519 - 494. Calculate the remainder when 111 is divided by v.
11
Let t = 469 - 461. What is the remainder when 414 is divided by t?
6
Let q = 248 - 229. Calculate the remainder when q is divided by 12.
7
Suppose -2*x + 240 = 13*x. Calculate the remainder when 75 - (-1 + 4/(-2)) is divided by x.
14
Let t(x) = -x**2 + 9*x + 13. Let z be t(10). Suppose 2*b = z*b. Suppose -4*u + 14 = 2*p - b*p, 3*p = 4*u - 9. What is the remainder when 3 is divided by u?
0
Let t be (-441)/(-27) + 2/(-6). Let l = t + -11. Let f = l + -2. Calculate the remainder when f is divided by 1.
0
Let a(t) = 34*t**2 - t. Calculate the remainder when 127 is divided by a(-1).
22
Let j(b) = 64*b**3 - 5*b**2 + 4*b - 3. What is the remainder when 115 is divided by j(1)?
55
Let f = -145 + 492. What is the remainder when f is divided by 35?
32
Let h(k) = k**3 + k**2 - k + 3. Let x be h(0). Suppose -x + 0 = -u. What is the remainder when (88/(-8) - -9) + 11 is divided by u?
0
Suppose 56 = 5*d - 59. Let h(x) = 22*x + 13. Calculate the remainder when d is divided by h(0).
10
Let n = 160 - 132. What is the remainder when 643 is divided by n?
27
Let n = 159 - 104. Let q(k) = -2*k + 7. Let w be q(4). Let d(a) = -13*a + 1. What is the remainder when n is divided by d(w)?
13
Let a be (-2)/15 - (-292)/(-60). Let i = 6 + a. Calculate the remainder when 3 is divided by i.
0
Calculate the remainder when 1/2 + (-21)/(-6) - -29 is divided by (14/(-8))/(2/(-8)).
5
Suppose 152 = 5*h - h. Let x be 2*3/(-3) + h. Let y = -15 + x. What is the remainder when 60 is divided by y?
18
Let b(s) = 3*s + 25. Suppose -y - 5*u = 33, 3*u = -8*y + 3*y - 55. Calculate the remainder when b(y) is divided by 1.
0
Let p(i) = -i**2 + 20*i + 40. Suppose 15 = -2*h + 57. Calculate the remainder when 67 is divided by p(h).
10
Let t(p) = p**2 - 34*p + 73. What is the remainder when 84 is divided by t(33)?
4
Let h = 41 - 35. Suppose -2*l + h = -112. What is the remainder when l is divided by 31?
28
Let h(l) = 5*l**2 - 7*l + 4. Let b be h(6). Suppose -b = -4*n - 3*x, -4*x - 130 = -4*n - x. What is the remainder when n is divided by 12?
10
Suppose -5*q = -q - 156. Suppose 15 + 3 = 2*x - 2*a, -x - 5*a + q = 0. Suppose -c = -2*c + x. What is the remainder when 40 is divided by c?
12
Let b(i) be the third derivative of -i**4/3 - 2*i**3/3 + 10*i**2. What is the remainder when 21 is divided by b(-2)?
9
Let w = 537 - 467. What is the remainder when w is divided by 27?
16
Let w(t) = 15*t**2 - 14*t - 36. Let o be w(-5). Suppose 5*l = -5*p + 415, -4*p - p - 3*l = -o. What is the remainder when p is divided by 43?
37
Suppose 0 = -0*b + 3*b - 51. Let j be 0/(-2) + (-60)/(-1). Let p = j - 30. Calculate the remainder when p is divided by b.
13
Suppose -4*j + 360 = 4*l, -2*j - 56 = -l + 31. What is the remainder when l is divided by 19?
13
Suppose 0 = -10*w + 13*w, 2*j = -w + 14. Calculate the remainder when j is divided by 3.
1
Let i(l) = -3*l - 17. Let u be i(-7). Suppose u = f - 5. What is the remainder when f is divided by 5?
4
Suppose -2*t = -5*x + 3593 + 457, -2*x + 1636 = -4*t. What is the remainder when x is divided by 30?
28
Let a = 22 - -1. Suppose -24 - a = -p. Calculate the remainder when p is divided by 12.
11
Suppose -123 = -5*v - 18. Suppose 3*y + 159 = -78. Let f = y + 161. Calculate the remainder when f is divided by v.
19
Let z = -25 + 28. Suppose 0*y + 5*y - 50 = -5*k, 5*k - 22 = -z*y. What is the remainder when y is divided by 6?
2
Let u(l) = -8*l - 2*l - 3 - 21*l. Calculate the remainder when u(-1) is divided by 6.
4
Calculate the remainder when 129 is divided by ((-56)/(-12) + -3)/(16/432).
39
Let b(n) = 7*n - 89. Calculate the remainder when 78 is divided by b(14).
6
Let h(a) = -294*a - 13. What is the remainder when h(-5) is divided by 20?
17
Let g(s) = s**2 - 19*s - 18. Let n be g(20). Suppose 2*f - z - 69 = 0, -4*f + 148 = -6*z + n*z. What is the rema